{"id":3726,"date":"2025-12-03T14:58:27","date_gmt":"2025-12-03T14:58:27","guid":{"rendered":"https:\/\/previntegral.com\/producto\/treballs-destabilitzacio-desplanades-i-estesa-de-ferms\/"},"modified":"2026-03-16T18:32:31","modified_gmt":"2026-03-16T18:32:31","slug":"trabajos-de-estabilizacion-nivelacion-y-extendido-de-capas","status":"publish","type":"product","link":"https:\/\/previntegral.com\/es\/producto\/treballs-destabilitzacio-desplanades-i-estesa-de-ferms\/","title":{"rendered":"Obras de estabilizaci\u00f3n de taludes y pavimentaci\u00f3n de carreteras."},"content":{"rendered":"<p>El curso de <strong>Obras de estabilizaci\u00f3n de taludes y pavimentaci\u00f3n de carreteras.<\/strong> est\u00e1 dise\u00f1ado espec\u00edficamente para profesionales del sector de la construcci\u00f3n que deseen ampliar sus <strong>competencias<\/strong> y garantizar un desarrollo seguro y eficaz de las obras. Con una duraci\u00f3n total de <strong>20 horas<\/strong> impartido en modalidad mixta <strong>presencial<\/strong>, Este programa combina formaci\u00f3n <strong>municipio<\/strong> necesario con el contenido espec\u00edfico que aborda las particularidades de estas tareas. Adem\u00e1s de cumplir con el <strong>obligaciones de formaci\u00f3n<\/strong> De conformidad con el convenio colectivo, el curso ofrece conocimientos pr\u00e1cticos sobre las medidas de <strong>prevenci\u00f3n de riesgos laborales<\/strong> y las t\u00e9cnicas m\u00e1s adecuadas para la estabilizaci\u00f3n y la colocaci\u00f3n de pavimentos de carretera. De este modo, los participantes adquirir\u00e1n las habilidades y los conocimientos necesarios para trabajar con el m\u00e1ximo nivel de seguridad, adapt\u00e1ndose a las necesidades actuales del sector y contribuyendo a crear un entorno de trabajo m\u00e1s seguro y cualificado.<\/p>","protected":false},"excerpt":{"rendered":"<p>El curs de Treballs d&#8217;estabilitzaci\u00f3 d&#8217;esplanades i estesa de ferms est\u00e0 dissenyat espec\u00edficament per a professionals del sector de la construcci\u00f3 que vulguin ampliar les seves compet\u00e8ncies i garantir una actuaci\u00f3 segura i efica\u00e7 a l\u2019obra. Amb una durada total de 20 hores impartides en modalitat presencial, aquest programa combina la formaci\u00f3 comuna necess\u00e0ria amb [&hellip;]<\/p>\n","protected":false},"featured_media":3728,"comment_status":"open","ping_status":"closed","template":"","meta":{"_acf_changed":false},"product_brand":[],"product_cat":[38],"product_tag":[],"class_list":{"0":"post-3726","1":"product","2":"type-product","3":"status-publish","4":"has-post-thumbnail","6":"product_cat-construccio","8":"first","9":"instock","10":"virtual","11":"taxable","12":"purchasable","13":"product-type-curso"},"acf":[],"precio_regular_curso":340.01,"precio_bonificado_curso":358.16,"_links":{"self":[{"href":"https:\/\/previntegral.com\/es\/wp-json\/wp\/v2\/product\/3726","targetHints":{"allow":["GET"]}}],"collection":[{"href":"https:\/\/previntegral.com\/es\/wp-json\/wp\/v2\/product"}],"about":[{"href":"https:\/\/previntegral.com\/es\/wp-json\/wp\/v2\/types\/product"}],"replies":[{"embeddable":true,"href":"https:\/\/previntegral.com\/es\/wp-json\/wp\/v2\/comments?post=3726"}],"wp:featuredmedia":[{"embeddable":true,"href":"https:\/\/previntegral.com\/es\/wp-json\/wp\/v2\/media\/3728"}],"wp:attachment":[{"href":"https:\/\/previntegral.com\/es\/wp-json\/wp\/v2\/media?parent=3726"}],"wp:term":[{"taxonomy":"product_brand","embeddable":true,"href":"https:\/\/previntegral.com\/es\/wp-json\/wp\/v2\/product_brand?post=3726"},{"taxonomy":"product_cat","embeddable":true,"href":"https:\/\/previntegral.com\/es\/wp-json\/wp\/v2\/product_cat?post=3726"},{"taxonomy":"product_tag","embeddable":true,"href":"https:\/\/previntegral.com\/es\/wp-json\/wp\/v2\/product_tag?post=3726"}],"curies":[{"name":"WordPress","href":"https:\/\/api.w.org\/{rel}","templated":true}]}}

Obras de estabilización de taludes y pavimentación de carreteras.

<p>El curso de <strong>Obras de estabilización de taludes y pavimentación de carreteras.</strong> está diseñado específicamente para profesionales del sector de la construcción que deseen ampliar sus <strong>competencias</strong> y garantizar un desarrollo seguro y eficaz de las obras. Con una duración total de <strong>20 horas</strong> impartido en modalidad mixta <strong>presencial</strong>, Este programa combina formación <strong>municipio</strong> necesario con el contenido específico que aborda las particularidades de estas tareas. Además de cumplir con el <strong>obligaciones de formación</strong> De conformidad con el convenio colectivo, el curso ofrece conocimientos prácticos sobre las medidas de <strong>prevención de riesgos laborales</strong> y las técnicas más adecuadas para la estabilización y la colocación de pavimentos de carretera. De este modo, los participantes adquirirán las habilidades y los conocimientos necesarios para trabajar con el máximo nivel de seguridad, adaptándose a las necesidades actuales del sector y contribuyendo a crear un entorno de trabajo más seguro y cualificado.</p>

<p>El curs de Treballs d&#8217;estabilització d&#8217;esplanades i estesa de ferms està dissenyat específicament per a professionals del sector de la construcció que vulguin ampliar les seves competències i garantir una actuació segura i eficaç a l’obra. Amb una durada total de 20 hores impartides en modalitat presencial, aquest programa combina la formació comuna necessària amb [&hellip;]</p>
