{"id":4758,"date":"2025-12-05T10:40:15","date_gmt":"2025-12-05T10:40:15","guid":{"rendered":"https:\/\/previntegral.com\/producto\/especialitat-en-revestiments-exteriors\/"},"modified":"2026-03-16T18:32:32","modified_gmt":"2026-03-16T18:32:32","slug":"especializados-en-revestimientos-exteriores","status":"publish","type":"product","link":"https:\/\/previntegral.com\/es\/producto\/especialitat-en-revestiments-exteriors\/","title":{"rendered":"Especializados en revestimientos exteriores"},"content":{"rendered":"<p>Si quieres especializarte en <strong>revestimientos exteriores<\/strong> En el sector de la construcci\u00f3n, este curso presencial de seis horas supone una oportunidad \u00fanica para profundizar en el <strong>T\u00e9cnicas espec\u00edficas<\/strong> en este \u00e1mbito, garantizando al mismo tiempo el estricto cumplimiento de la normativa aplicable en la materia. <strong>prevenci\u00f3n de riesgos laborales<\/strong>. Con una formaci\u00f3n adaptada a las <strong>Convenio colectivo para el sector de la construcci\u00f3n<\/strong>, Aprender\u00e1s a aplicar materiales y procedimientos respetando los criterios de seguridad y calidad, mejorando tu <strong>Habilidades profesionales<\/strong> y garantizar una ejecuci\u00f3n precisa y segura en la obra. Este curso se imparte de tal manera que <strong>presencial<\/strong> Te ofrece la oportunidad de practicar y resolver dudas en tiempo real, lo que contribuye a tu formaci\u00f3n para afrontar situaciones de la vida real y proteger tu integridad y la de tus compa\u00f1eros. La formaci\u00f3n es ideal para trabajadores y profesionales que deseen destacar en este sector, con especial \u00e9nfasis en el cumplimiento de las normas de seguridad y calidad.<\/p>","protected":false},"excerpt":{"rendered":"<p>Si vols especialitzar-te en revestiments exteriors dins del sector de la construcci\u00f3, aquest curs presencial de 6 hores \u00e9s una oportunitat \u00fanica per aprofundir en les t\u00e8cniques espec\u00edfiques d\u2019aquest \u00e0mbit, tot garantint el compliment estricte de la normativa vigent en mat\u00e8ria de prevenci\u00f3 de riscos laborals. Amb una formaci\u00f3 adaptada al Conveni Col\u00b7lectiu del Sector [&hellip;]<\/p>\n","protected":false},"featured_media":4760,"comment_status":"open","ping_status":"closed","template":"","meta":{"_acf_changed":false},"product_brand":[],"product_cat":[38],"product_tag":[],"class_list":{"0":"post-4758","1":"product","2":"type-product","3":"status-publish","4":"has-post-thumbnail","6":"product_cat-construccio","8":"first","9":"instock","10":"virtual","11":"taxable","12":"purchasable","13":"product-type-curso"},"acf":[],"precio_regular_curso":150.04,"precio_bonificado_curso":157.3,"_links":{"self":[{"href":"https:\/\/previntegral.com\/es\/wp-json\/wp\/v2\/product\/4758","targetHints":{"allow":["GET"]}}],"collection":[{"href":"https:\/\/previntegral.com\/es\/wp-json\/wp\/v2\/product"}],"about":[{"href":"https:\/\/previntegral.com\/es\/wp-json\/wp\/v2\/types\/product"}],"replies":[{"embeddable":true,"href":"https:\/\/previntegral.com\/es\/wp-json\/wp\/v2\/comments?post=4758"}],"wp:featuredmedia":[{"embeddable":true,"href":"https:\/\/previntegral.com\/es\/wp-json\/wp\/v2\/media\/4760"}],"wp:attachment":[{"href":"https:\/\/previntegral.com\/es\/wp-json\/wp\/v2\/media?parent=4758"}],"wp:term":[{"taxonomy":"product_brand","embeddable":true,"href":"https:\/\/previntegral.com\/es\/wp-json\/wp\/v2\/product_brand?post=4758"},{"taxonomy":"product_cat","embeddable":true,"href":"https:\/\/previntegral.com\/es\/wp-json\/wp\/v2\/product_cat?post=4758"},{"taxonomy":"product_tag","embeddable":true,"href":"https:\/\/previntegral.com\/es\/wp-json\/wp\/v2\/product_tag?post=4758"}],"curies":[{"name":"WordPress","href":"https:\/\/api.w.org\/{rel}","templated":true}]}}

<p>Si quieres especializarte en <strong>revestimientos exteriores</strong> En el sector de la construcción, este curso presencial de seis horas supone una oportunidad única para profundizar en el <strong>Técnicas específicas</strong> en este ámbito, garantizando al mismo tiempo el estricto cumplimiento de la normativa aplicable en la materia. <strong>prevención de riesgos laborales</strong>. Con una formación adaptada a las <strong>Convenio colectivo para el sector de la construcción</strong>, Aprenderás a aplicar materiales y procedimientos respetando los criterios de seguridad y calidad, mejorando tu <strong>Habilidades profesionales</strong> y garantizar una ejecución precisa y segura en la obra. Este curso se imparte de tal manera que <strong>presencial</strong> Te ofrece la oportunidad de practicar y resolver dudas en tiempo real, lo que contribuye a tu formación para afrontar situaciones de la vida real y proteger tu integridad y la de tus compañeros. La formación es ideal para trabajadores y profesionales que deseen destacar en este sector, con especial énfasis en el cumplimiento de las normas de seguridad y calidad.</p>

<p>Si vols especialitzar-te en revestiments exteriors dins del sector de la construcció, aquest curs presencial de 6 hores és una oportunitat única per aprofundir en les tècniques específiques d’aquest àmbit, tot garantint el compliment estricte de la normativa vigent en matèria de prevenció de riscos laborals. Amb una formació adaptada al Conveni Col·lectiu del Sector [&hellip;]</p>
