{"id":4897,"date":"2025-12-05T12:29:51","date_gmt":"2025-12-05T12:29:51","guid":{"rendered":"https:\/\/previntegral.com\/producto\/delegats-de-prevencio-3\/"},"modified":"2026-03-16T18:32:32","modified_gmt":"2026-03-16T18:32:32","slug":"delegados-de-prevencion-3","status":"publish","type":"product","link":"https:\/\/previntegral.com\/es\/producto\/delegats-de-prevencio-3\/","title":{"rendered":"Delegados de prevenci\u00f3n"},"content":{"rendered":"<p>El curso \u00abDelegados de prevenci\u00f3n\u00bb es un programa de formaci\u00f3n. <strong>Totalmente presencial<\/strong> de <strong>50 horas<\/strong> dirigida a los trabajadores designados como <strong>Representantes de salud y seguridad<\/strong> en las empresas sujetas a <strong>Acuerdo sobre metales<\/strong>. De conformidad con la normativa vigente, se trata de una formaci\u00f3n obligatoria que combina contenidos t\u00e9cnicos y pr\u00e1cticos para proporcionar herramientas de intervenci\u00f3n reales en el \u00e1mbito laboral. Trabajaremos en el <strong>Normativa sobre salud y seguridad en el trabajo<\/strong> (LPRL y novedades normativas), los derechos y obligaciones, la identificaci\u00f3n de <strong>Riesgos laborales<\/strong>, el <strong>T\u00e9cnicas preventivas<\/strong> y su aplicaci\u00f3n a los procesos y equipos t\u00edpicos del sector. Se tratar\u00e1n los siguientes aspectos:\u2019<strong>evaluaci\u00f3n de riesgos<\/strong> y la planificaci\u00f3n preventiva, la <strong>investigaci\u00f3n de accidentes<\/strong>, el uso de EPI, la vigilancia de la salud, la documentaci\u00f3n sobre salud laboral y la coordinaci\u00f3n en <em>Comit\u00e9 de Seguridad y Salud<\/em>. La metodolog\u00eda es participativa, con casos y din\u00e1micas que refuerzan el <strong>gesti\u00f3n preventiva<\/strong> para la empresa y el <strong>Coordinaci\u00f3n de actividades empresariales<\/strong>, de modo que el delegado pueda actuar con criterio, autonom\u00eda y la capacidad de contribuir a la mejora continua.<\/p>","protected":false},"excerpt":{"rendered":"<p>El curs Delegats de Prevenci\u00f3 \u00e9s una formaci\u00f3 totalment presencial de 50 hores adre\u00e7ada a les persones treballadores designades com a delegats i delegades de prevenci\u00f3 en empreses acollides al Conveni del Metall. D\u2019acord amb la normativa vigent, es tracta d\u2019una formaci\u00f3 obligat\u00f2ria que combina contingut t\u00e8cnic i pr\u00e0ctic per dotar d\u2019eines reals d\u2019intervenci\u00f3 en [&hellip;]<\/p>\n","protected":false},"featured_media":4899,"comment_status":"open","ping_status":"closed","template":"","meta":{"_acf_changed":false},"product_brand":[],"product_cat":[41],"product_tag":[],"class_list":{"0":"post-4897","1":"product","2":"type-product","3":"status-publish","4":"has-post-thumbnail","6":"product_cat-metall","8":"first","9":"instock","10":"virtual","11":"taxable","12":"purchasable","13":"product-type-curso"},"acf":[],"precio_regular_curso":724.79,"precio_bonificado_curso":762.3,"_links":{"self":[{"href":"https:\/\/previntegral.com\/es\/wp-json\/wp\/v2\/product\/4897","targetHints":{"allow":["GET"]}}],"collection":[{"href":"https:\/\/previntegral.com\/es\/wp-json\/wp\/v2\/product"}],"about":[{"href":"https:\/\/previntegral.com\/es\/wp-json\/wp\/v2\/types\/product"}],"replies":[{"embeddable":true,"href":"https:\/\/previntegral.com\/es\/wp-json\/wp\/v2\/comments?post=4897"}],"wp:featuredmedia":[{"embeddable":true,"href":"https:\/\/previntegral.com\/es\/wp-json\/wp\/v2\/media\/4899"}],"wp:attachment":[{"href":"https:\/\/previntegral.com\/es\/wp-json\/wp\/v2\/media?parent=4897"}],"wp:term":[{"taxonomy":"product_brand","embeddable":true,"href":"https:\/\/previntegral.com\/es\/wp-json\/wp\/v2\/product_brand?post=4897"},{"taxonomy":"product_cat","embeddable":true,"href":"https:\/\/previntegral.com\/es\/wp-json\/wp\/v2\/product_cat?post=4897"},{"taxonomy":"product_tag","embeddable":true,"href":"https:\/\/previntegral.com\/es\/wp-json\/wp\/v2\/product_tag?post=4897"}],"curies":[{"name":"WordPress","href":"https:\/\/api.w.org\/{rel}","templated":true}]}}

Delegados de prevención

<p>El curso «Delegados de prevención» es un programa de formación. <strong>Totalmente presencial</strong> de <strong>50 horas</strong> dirigida a los trabajadores designados como <strong>Representantes de salud y seguridad</strong> en las empresas sujetas a <strong>Acuerdo sobre metales</strong>. De conformidad con la normativa vigente, se trata de una formación obligatoria que combina contenidos técnicos y prácticos para proporcionar herramientas de intervención reales en el ámbito laboral. Trabajaremos en el <strong>Normativa sobre salud y seguridad en el trabajo</strong> (LPRL y novedades normativas), los derechos y obligaciones, la identificación de <strong>Riesgos laborales</strong>, el <strong>Técnicas preventivas</strong> y su aplicación a los procesos y equipos típicos del sector. Se tratarán los siguientes aspectos:’<strong>evaluación de riesgos</strong> y la planificación preventiva, la <strong>investigación de accidentes</strong>, el uso de EPI, la vigilancia de la salud, la documentación sobre salud laboral y la coordinación en <em>Comité de Seguridad y Salud</em>. La metodología es participativa, con casos y dinámicas que refuerzan el <strong>gestión preventiva</strong> para la empresa y el <strong>Coordinación de actividades empresariales</strong>, de modo que el delegado pueda actuar con criterio, autonomía y la capacidad de contribuir a la mejora continua.</p>

<p>El curs Delegats de Prevenció és una formació totalment presencial de 50 hores adreçada a les persones treballadores designades com a delegats i delegades de prevenció en empreses acollides al Conveni del Metall. D’acord amb la normativa vigent, es tracta d’una formació obligatòria que combina contingut tècnic i pràctic per dotar d’eines reals d’intervenció en [&hellip;]</p>
