{"id":4925,"date":"2025-12-05T12:33:44","date_gmt":"2025-12-05T12:33:44","guid":{"rendered":"https:\/\/previntegral.com\/producto\/especialitat-en-c-7-operaris-de-maquines-de-mecanitzat-per-deformacio-i-tall-del-metall\/"},"modified":"2026-03-16T18:32:32","modified_gmt":"2026-03-16T18:32:32","slug":"especializacion-en-siete-fabricantes-de-maquinas-para-el-conformado-y-el-corte-de-metales","status":"publish","type":"product","link":"https:\/\/previntegral.com\/es\/producto\/especialitat-en-c-7-operaris-de-maquines-de-mecanitzat-per-deformacio-i-tall-del-metall\/","title":{"rendered":"Especializaci\u00f3n en C.7: Operadores de m\u00e1quinas de conformado y corte de metales"},"content":{"rendered":"<p>El curso C.7 \u2013 Operadores de m\u00e1quinas de conformado y corte de metales es un curso de formaci\u00f3n espec\u00edfico en <strong>Ocho horas<\/strong>, <strong>100% en persona<\/strong>, dise\u00f1ado de conformidad con la <strong>Acuerdo estatal sobre el metal<\/strong>. Orientado al \u00e1mbito laboral, refuerza el <strong>prevenci\u00f3n de riesgos laborales<\/strong> en prensas, cizallas, plegadoras, m\u00e1quinas de estampado y l\u00edneas de corte, abordando los riesgos de\u2019<strong>atrapamiento<\/strong>, <strong>corte<\/strong> y las salpicaduras, el ruido y las vibraciones, las nieblas de aceite de corte, la ergonom\u00eda y los incendios. Procedimientos clave como el <strong>Bloqueo y etiquetado (LOTO)<\/strong>, guardias y <strong>recintos<\/strong>, uso de\u2019<strong>\u00cdndice de protecci\u00f3n equivalente<\/strong>, controles preoperatorios, orden y limpieza, y rendimiento en <strong>Emergencias<\/strong>. Este m\u00f3dulo trata sobre el\u2019<strong>Especialidad C.7<\/strong> y complementa el m\u00f3dulo b\u00e1sico de 20 horas (C1), cumpliendo as\u00ed el requisito de contar con el <strong>100% de especialidades profesionales<\/strong>. Al finalizar el curso, el operario habr\u00e1 adquirido los conocimientos y h\u00e1bitos de seguridad necesarios para manejar, ajustar y mantener los equipos de forma eficiente y segura, reduciendo as\u00ed los incidentes y el tiempo de inactividad. Formaci\u00f3n v\u00e1lida para el sector metal\u00fargico, con <strong>Reciclaje obligatorio cada cuatro a\u00f1os<\/strong> mediante un curso de cuatro horas.<\/p>","protected":false},"excerpt":{"rendered":"<p>El curs C.7 \u2013 Operaris de m\u00e0quines de mecanitzat per deformaci\u00f3 i tall del metall \u00e9s una formaci\u00f3 espec\u00edfica de 8 hores, 100% presencial, dissenyada d\u2019acord amb el Conveni Estatal del Metall. Orientat al lloc de treball, refor\u00e7a la prevenci\u00f3 de riscos laborals en premses, cisalles, plegadores, encunyadores i l\u00ednies de tall, abordant riscos d\u2019atrapament, [&hellip;]<\/p>\n","protected":false},"featured_media":4927,"comment_status":"open","ping_status":"closed","template":"","meta":{"_acf_changed":false},"product_brand":[],"product_cat":[41],"product_tag":[],"class_list":{"0":"post-4925","1":"product","2":"type-product","3":"status-publish","4":"has-post-thumbnail","6":"product_cat-metall","8":"first","9":"instock","10":"virtual","11":"taxable","12":"purchasable","13":"product-type-curso"},"acf":[],"precio_regular_curso":177.87,"precio_bonificado_curso":187.55,"_links":{"self":[{"href":"https:\/\/previntegral.com\/es\/wp-json\/wp\/v2\/product\/4925","targetHints":{"allow":["GET"]}}],"collection":[{"href":"https:\/\/previntegral.com\/es\/wp-json\/wp\/v2\/product"}],"about":[{"href":"https:\/\/previntegral.com\/es\/wp-json\/wp\/v2\/types\/product"}],"replies":[{"embeddable":true,"href":"https:\/\/previntegral.com\/es\/wp-json\/wp\/v2\/comments?post=4925"}],"wp:featuredmedia":[{"embeddable":true,"href":"https:\/\/previntegral.com\/es\/wp-json\/wp\/v2\/media\/4927"}],"wp:attachment":[{"href":"https:\/\/previntegral.com\/es\/wp-json\/wp\/v2\/media?parent=4925"}],"wp:term":[{"taxonomy":"product_brand","embeddable":true,"href":"https:\/\/previntegral.com\/es\/wp-json\/wp\/v2\/product_brand?post=4925"},{"taxonomy":"product_cat","embeddable":true,"href":"https:\/\/previntegral.com\/es\/wp-json\/wp\/v2\/product_cat?post=4925"},{"taxonomy":"product_tag","embeddable":true,"href":"https:\/\/previntegral.com\/es\/wp-json\/wp\/v2\/product_tag?post=4925"}],"curies":[{"name":"WordPress","href":"https:\/\/api.w.org\/{rel}","templated":true}]}}

Especialización en C.7: Operadores de máquinas de conformado y corte de metales

<p>El curso C.7 – Operadores de máquinas de conformado y corte de metales es un curso de formación específico en <strong>Ocho horas</strong>, <strong>100% en persona</strong>, diseñado de conformidad con la <strong>Acuerdo estatal sobre el metal</strong>. Orientado al ámbito laboral, refuerza el <strong>prevención de riesgos laborales</strong> en prensas, cizallas, plegadoras, máquinas de estampado y líneas de corte, abordando los riesgos de’<strong>atrapamiento</strong>, <strong>corte</strong> y las salpicaduras, el ruido y las vibraciones, las nieblas de aceite de corte, la ergonomía y los incendios. Procedimientos clave como el <strong>Bloqueo y etiquetado (LOTO)</strong>, guardias y <strong>recintos</strong>, uso de’<strong>Índice de protección equivalente</strong>, controles preoperatorios, orden y limpieza, y rendimiento en <strong>Emergencias</strong>. Este módulo trata sobre el’<strong>Especialidad C.7</strong> y complementa el módulo básico de 20 horas (C1), cumpliendo así el requisito de contar con el <strong>100% de especialidades profesionales</strong>. Al finalizar el curso, el operario habrá adquirido los conocimientos y hábitos de seguridad necesarios para manejar, ajustar y mantener los equipos de forma eficiente y segura, reduciendo así los incidentes y el tiempo de inactividad. Formación válida para el sector metalúrgico, con <strong>Reciclaje obligatorio cada cuatro años</strong> mediante un curso de cuatro horas.</p>

<p>El curs C.7 – Operaris de màquines de mecanitzat per deformació i tall del metall és una formació específica de 8 hores, 100% presencial, dissenyada d’acord amb el Conveni Estatal del Metall. Orientat al lloc de treball, reforça la prevenció de riscos laborals en premses, cisalles, plegadores, encunyadores i línies de tall, abordant riscos d’atrapament, [&hellip;]</p>
