{"id":4928,"date":"2025-12-05T12:33:52","date_gmt":"2025-12-05T12:33:52","guid":{"rendered":"https:\/\/previntegral.com\/producto\/especialitat-en-c-13-treballs-en-tallers-de-reparacio-de-vehicles\/"},"modified":"2026-03-16T18:32:32","modified_gmt":"2026-03-16T18:32:32","slug":"especializacion-en-c13-13-puestos-de-trabajo-en-talleres-de-reparacion-de-vehiculos","status":"publish","type":"product","link":"https:\/\/previntegral.com\/es\/producto\/especialitat-en-c-13-treballs-en-tallers-de-reparacio-de-vehicles\/","title":{"rendered":"Especializaci\u00f3n en C.13: Trabajo en talleres de reparaci\u00f3n de veh\u00edculos"},"content":{"rendered":"<p>El curso C.13 \u2014Trabajo en talleres de reparaci\u00f3n de veh\u00edculos\u2014 ofrece <strong>Formaci\u00f3n espec\u00edfica en seguridad y salud en el trabajo<\/strong> requerido por <strong>Acuerdo sobre metales<\/strong> para el personal de producci\u00f3n y mantenimiento que trabaja en talleres mec\u00e1nicos. Con una duraci\u00f3n de <strong>Ocho horas<\/strong> i <strong>Modo presencial<\/strong>, Complementa el m\u00f3dulo b\u00e1sico de 20 horas (C1) y contribuye al cumplimiento de la obligaci\u00f3n de contar con el 100% del <strong>Especialidades artesanales<\/strong> en vigor desde 2021. En \u00e9l se abordan los riesgos y las medidas preventivas espec\u00edficas del taller: el uso seguro de <strong>puentes levadizos<\/strong> y equipos de diagn\u00f3stico, herramientas port\u00e1tiles y neum\u00e1ticas, operaciones de <strong>soldadura y corte<\/strong>, manipulaci\u00f3n de <strong>bater\u00edas<\/strong> y circuitos el\u00e9ctricos (incluidos <strong>Veh\u00edculos el\u00e9ctricos e h\u00edbridos<\/strong>), productos qu\u00edmicos (aceites, disolventes) y la prevenci\u00f3n de\u2019<strong>incendios<\/strong>. Procedimientos como este <strong>Bloqueo y etiquetado (LOTO)<\/strong>, orden y limpieza, ergonom\u00eda, gesti\u00f3n de residuos y elecci\u00f3n de\u2019<strong>\u00cdndice de protecci\u00f3n equivalente<\/strong>. La formaci\u00f3n es pr\u00e1ctica y se centra en casos reales del taller, de modo que el alumno pueda adoptar de inmediato h\u00e1bitos seguros, de acuerdo con los requisitos del convenio y las exigencias futuras. <strong>Renovaci\u00f3n peri\u00f3dica<\/strong> de la formaci\u00f3n.<\/p>","protected":false},"excerpt":{"rendered":"<p>El curs C.13 \u2013 Treballs en tallers de reparaci\u00f3 de vehicles proporciona la formaci\u00f3 espec\u00edfica en PRL exigida pel Conveni del Metall per a personal de producci\u00f3 i manteniment que opera en tallers mec\u00e0nics. Amb una durada de 8 hores i modalitat presencial, complementa el m\u00f2dul troncal de 20 h (C1) i ajuda a complir [&hellip;]<\/p>\n","protected":false},"featured_media":4930,"comment_status":"open","ping_status":"closed","template":"","meta":{"_acf_changed":false},"product_brand":[],"product_cat":[41],"product_tag":[],"class_list":{"0":"post-4928","1":"product","2":"type-product","3":"status-publish","4":"has-post-thumbnail","6":"product_cat-metall","8":"first","9":"instock","10":"virtual","11":"taxable","12":"purchasable","13":"product-type-curso"},"acf":[],"precio_regular_curso":177.87,"precio_bonificado_curso":187.55,"_links":{"self":[{"href":"https:\/\/previntegral.com\/es\/wp-json\/wp\/v2\/product\/4928","targetHints":{"allow":["GET"]}}],"collection":[{"href":"https:\/\/previntegral.com\/es\/wp-json\/wp\/v2\/product"}],"about":[{"href":"https:\/\/previntegral.com\/es\/wp-json\/wp\/v2\/types\/product"}],"replies":[{"embeddable":true,"href":"https:\/\/previntegral.com\/es\/wp-json\/wp\/v2\/comments?post=4928"}],"wp:featuredmedia":[{"embeddable":true,"href":"https:\/\/previntegral.com\/es\/wp-json\/wp\/v2\/media\/4930"}],"wp:attachment":[{"href":"https:\/\/previntegral.com\/es\/wp-json\/wp\/v2\/media?parent=4928"}],"wp:term":[{"taxonomy":"product_brand","embeddable":true,"href":"https:\/\/previntegral.com\/es\/wp-json\/wp\/v2\/product_brand?post=4928"},{"taxonomy":"product_cat","embeddable":true,"href":"https:\/\/previntegral.com\/es\/wp-json\/wp\/v2\/product_cat?post=4928"},{"taxonomy":"product_tag","embeddable":true,"href":"https:\/\/previntegral.com\/es\/wp-json\/wp\/v2\/product_tag?post=4928"}],"curies":[{"name":"WordPress","href":"https:\/\/api.w.org\/{rel}","templated":true}]}}

Especialización en C.13: Trabajo en talleres de reparación de vehículos

<p>El curso C.13 —Trabajo en talleres de reparación de vehículos— ofrece <strong>Formación específica en seguridad y salud en el trabajo</strong> requerido por <strong>Acuerdo sobre metales</strong> para el personal de producción y mantenimiento que trabaja en talleres mecánicos. Con una duración de <strong>Ocho horas</strong> i <strong>Modo presencial</strong>, Complementa el módulo básico de 20 horas (C1) y contribuye al cumplimiento de la obligación de contar con el 100% del <strong>Especialidades artesanales</strong> en vigor desde 2021. En él se abordan los riesgos y las medidas preventivas específicas del taller: el uso seguro de <strong>puentes levadizos</strong> y equipos de diagnóstico, herramientas portátiles y neumáticas, operaciones de <strong>soldadura y corte</strong>, manipulación de <strong>baterías</strong> y circuitos eléctricos (incluidos <strong>Vehículos eléctricos e híbridos</strong>), productos químicos (aceites, disolventes) y la prevención de’<strong>incendios</strong>. Procedimientos como este <strong>Bloqueo y etiquetado (LOTO)</strong>, orden y limpieza, ergonomía, gestión de residuos y elección de’<strong>Índice de protección equivalente</strong>. La formación es práctica y se centra en casos reales del taller, de modo que el alumno pueda adoptar de inmediato hábitos seguros, de acuerdo con los requisitos del convenio y las exigencias futuras. <strong>Renovación periódica</strong> de la formación.</p>

<p>El curs C.13 – Treballs en tallers de reparació de vehicles proporciona la formació específica en PRL exigida pel Conveni del Metall per a personal de producció i manteniment que opera en tallers mecànics. Amb una durada de 8 hores i modalitat presencial, complementa el mòdul troncal de 20 h (C1) i ajuda a complir [&hellip;]</p>
