{"id":4943,"date":"2025-12-05T12:36:40","date_gmt":"2025-12-05T12:36:40","guid":{"rendered":"https:\/\/previntegral.com\/producto\/especialitat-en-c-3-treballs-de-forja\/"},"modified":"2026-03-16T18:32:32","modified_gmt":"2026-03-16T18:32:32","slug":"especializados-en-trabajos-de-forja-c3","status":"publish","type":"product","link":"https:\/\/previntegral.com\/es\/producto\/especialitat-en-c-3-treballs-de-forja\/","title":{"rendered":"Especializaci\u00f3n en C.3: Trabajos de forja"},"content":{"rendered":"<p>El curso <strong>C.3 \u2013 Herrer\u00eda<\/strong> cumple con los requisitos de <strong>Acuerdo sobre metales<\/strong> para la formaci\u00f3n espec\u00edfica en seguridad y salud en el trabajo dirigida a los oficios de producci\u00f3n. Con una duraci\u00f3n de <strong>Ocho horas<\/strong> y el modo 100% <strong>presencial<\/strong>, se centra en el <strong>riesgos espec\u00edficos<\/strong> En la forja: altas temperaturas y radiaci\u00f3n t\u00e9rmica, quemaduras y salpicaduras, atrapamiento por martillos y prensas, ruido y vibraciones, atm\u00f3sferas peligrosas, incendios y manipulaci\u00f3n de piezas al rojo vivo. Se aplican procedimientos de seguridad en los hornos, en el manejo de martillos y herramientas, en las maniobras con gr\u00faas, en el orden y la limpieza, en la se\u00f1alizaci\u00f3n, <em>Bloqueo y etiquetado<\/em> y la respuesta ante emergencias. El uso adecuado de\u2019<strong>\u00cdndice de protecci\u00f3n equivalente<\/strong> (protecci\u00f3n t\u00e9rmica, ocular y auditiva, ropa ign\u00edfuga y calzado de seguridad) y ergonom\u00eda en la manipulaci\u00f3n de cargas. Este m\u00f3dulo complementa el m\u00f3dulo b\u00e1sico obligatorio (<strong>C1: 20 horas + 8 horas de especializaci\u00f3n<\/strong>) obligatorio para los operadores desde 2021. Previntegral, un centro acreditado por la FLC (0505080031), garantiza una metodolog\u00eda pr\u00e1ctica, casos reales y evaluaci\u00f3n del aprendizaje. La formaci\u00f3n debe renovarse cada cuatro a\u00f1os mediante <strong>Reciclaje cada 4 horas<\/strong>.<\/p>","protected":false},"excerpt":{"rendered":"<p>El curs C.3 &#8211; Treballs de forja dona compliment a les exig\u00e8ncies del Conveni del Metall per a la formaci\u00f3 espec\u00edfica en PRL d\u2019oficis de producci\u00f3. Amb una durada de 8 hores i modalitat 100% presencial, se centra en els riscos espec\u00edfics de la forja: altes temperatures i radiaci\u00f3 t\u00e8rmica, cremades i projeccions, atrapaments amb [&hellip;]<\/p>\n","protected":false},"featured_media":4945,"comment_status":"open","ping_status":"closed","template":"","meta":{"_acf_changed":false},"product_brand":[],"product_cat":[41],"product_tag":[],"class_list":{"0":"post-4943","1":"product","2":"type-product","3":"status-publish","4":"has-post-thumbnail","6":"product_cat-metall","8":"first","9":"instock","10":"virtual","11":"taxable","12":"purchasable","13":"product-type-curso"},"acf":[],"precio_regular_curso":177.87,"precio_bonificado_curso":187.55,"_links":{"self":[{"href":"https:\/\/previntegral.com\/es\/wp-json\/wp\/v2\/product\/4943","targetHints":{"allow":["GET"]}}],"collection":[{"href":"https:\/\/previntegral.com\/es\/wp-json\/wp\/v2\/product"}],"about":[{"href":"https:\/\/previntegral.com\/es\/wp-json\/wp\/v2\/types\/product"}],"replies":[{"embeddable":true,"href":"https:\/\/previntegral.com\/es\/wp-json\/wp\/v2\/comments?post=4943"}],"wp:featuredmedia":[{"embeddable":true,"href":"https:\/\/previntegral.com\/es\/wp-json\/wp\/v2\/media\/4945"}],"wp:attachment":[{"href":"https:\/\/previntegral.com\/es\/wp-json\/wp\/v2\/media?parent=4943"}],"wp:term":[{"taxonomy":"product_brand","embeddable":true,"href":"https:\/\/previntegral.com\/es\/wp-json\/wp\/v2\/product_brand?post=4943"},{"taxonomy":"product_cat","embeddable":true,"href":"https:\/\/previntegral.com\/es\/wp-json\/wp\/v2\/product_cat?post=4943"},{"taxonomy":"product_tag","embeddable":true,"href":"https:\/\/previntegral.com\/es\/wp-json\/wp\/v2\/product_tag?post=4943"}],"curies":[{"name":"WordPress","href":"https:\/\/api.w.org\/{rel}","templated":true}]}}

Especialización en C.3: Trabajos de forja

<p>El curso <strong>C.3 – Herrería</strong> cumple con los requisitos de <strong>Acuerdo sobre metales</strong> para la formación específica en seguridad y salud en el trabajo dirigida a los oficios de producción. Con una duración de <strong>Ocho horas</strong> y el modo 100% <strong>presencial</strong>, se centra en el <strong>riesgos específicos</strong> En la forja: altas temperaturas y radiación térmica, quemaduras y salpicaduras, atrapamiento por martillos y prensas, ruido y vibraciones, atmósferas peligrosas, incendios y manipulación de piezas al rojo vivo. Se aplican procedimientos de seguridad en los hornos, en el manejo de martillos y herramientas, en las maniobras con grúas, en el orden y la limpieza, en la señalización, <em>Bloqueo y etiquetado</em> y la respuesta ante emergencias. El uso adecuado de’<strong>Índice de protección equivalente</strong> (protección térmica, ocular y auditiva, ropa ignífuga y calzado de seguridad) y ergonomía en la manipulación de cargas. Este módulo complementa el módulo básico obligatorio (<strong>C1: 20 horas + 8 horas de especialización</strong>) obligatorio para los operadores desde 2021. Previntegral, un centro acreditado por la FLC (0505080031), garantiza una metodología práctica, casos reales y evaluación del aprendizaje. La formación debe renovarse cada cuatro años mediante <strong>Reciclaje cada 4 horas</strong>.</p>

<p>El curs C.3 &#8211; Treballs de forja dona compliment a les exigències del Conveni del Metall per a la formació específica en PRL d’oficis de producció. Amb una durada de 8 hores i modalitat 100% presencial, se centra en els riscos específics de la forja: altes temperatures i radiació tèrmica, cremades i projeccions, atrapaments amb [&hellip;]</p>
