{"id":4964,"date":"2025-12-05T12:40:08","date_gmt":"2025-12-05T12:40:08","guid":{"rendered":"https:\/\/previntegral.com\/producto\/especialitat-en-c-17-treballs-de-manteniment-reparacio-i-instal%c2%b7lacio-dascensors\/"},"modified":"2026-03-16T18:32:33","modified_gmt":"2026-03-16T18:32:33","slug":"especializados-en-unos-17-trabajos-de-mantenimiento-reparacion-e-instalacion-de-ascensores","status":"publish","type":"product","link":"https:\/\/previntegral.com\/es\/producto\/especialitat-en-c-17-treballs-de-manteniment-reparacio-i-instal%c2%b7lacio-dascensors\/","title":{"rendered":"Especializaci\u00f3n en C.17: mantenimiento, reparaci\u00f3n e instalaci\u00f3n de ascensores"},"content":{"rendered":"<p>El curso C.17 \u2014Mantenimiento, reparaci\u00f3n e instalaci\u00f3n de ascensores\u2014 ofrece la formaci\u00f3n espec\u00edfica prevista en el Convenio sobre el sector metal\u00fargico para los profesionales que trabajan con equipos de elevaci\u00f3n. Tiene una duraci\u00f3n de ocho horas y se imparte en formato modular. <strong>presencial<\/strong>, completa el m\u00f3dulo profesional que complementa el bloque b\u00e1sico de 20 horas (C1) y contribuye a proporcionar la <strong>100% de especialidades<\/strong> obligatorio. Abordan el <strong>riesgos espec\u00edficos<\/strong> del sector: riesgos el\u00e9ctricos en baja tensi\u00f3n, atrapamiento, ca\u00eddas al vac\u00edo (fosos y techos de cabinas), trabajos en <strong>altura<\/strong>, la manipulaci\u00f3n de cargas y el uso correcto de\u2019<strong>\u00cdndice de protecci\u00f3n equivalente<\/strong>. Se aplican procedimientos seguros. <strong>Bloqueo y etiquetado (LOTO)<\/strong>, comprobaci\u00f3n de la ausencia de tensi\u00f3n, enclavamiento mec\u00e1nico, se\u00f1alizaci\u00f3n, acceso a la sala de m\u00e1quinas y al foso, as\u00ed como maniobras, pruebas y <strong>Rescate en cabina<\/strong>. La metodolog\u00eda combina explicaciones pr\u00e1cticas, demostraciones y casos reales para consolidar h\u00e1bitos seguros. Previntegral, <strong>centro acreditado<\/strong> (FLC n.\u00ba 0505080031) expide una acreditaci\u00f3n v\u00e1lida de conformidad con el Convenio sobre el sector metal\u00fargico; esta formaci\u00f3n debe renovarse mediante cursos de actualizaci\u00f3n cada cuatro a\u00f1os.<\/p>","protected":false},"excerpt":{"rendered":"<p>El curs C.17 \u2013 Treballs de manteniment, reparaci\u00f3 i instal\u00b7laci\u00f3 d\u2019ascensors \u2013 aporta la formaci\u00f3 espec\u00edfica del Conveni del Metall per a professionals que intervenen sobre equips elevadors. Amb una durada de 8 hores i modalitat presencial, compleix el m\u00f2dul d\u2019ofici que complementa el bloc troncal de 20 h (C1) i ajuda a disposar del [&hellip;]<\/p>\n","protected":false},"featured_media":4966,"comment_status":"open","ping_status":"closed","template":"","meta":{"_acf_changed":false},"product_brand":[],"product_cat":[41],"product_tag":[],"class_list":{"0":"post-4964","1":"product","2":"type-product","3":"status-publish","4":"has-post-thumbnail","6":"product_cat-metall","8":"first","9":"instock","10":"virtual","11":"taxable","12":"purchasable","13":"product-type-curso"},"acf":[],"precio_regular_curso":177.87,"precio_bonificado_curso":187.55,"_links":{"self":[{"href":"https:\/\/previntegral.com\/es\/wp-json\/wp\/v2\/product\/4964","targetHints":{"allow":["GET"]}}],"collection":[{"href":"https:\/\/previntegral.com\/es\/wp-json\/wp\/v2\/product"}],"about":[{"href":"https:\/\/previntegral.com\/es\/wp-json\/wp\/v2\/types\/product"}],"replies":[{"embeddable":true,"href":"https:\/\/previntegral.com\/es\/wp-json\/wp\/v2\/comments?post=4964"}],"wp:featuredmedia":[{"embeddable":true,"href":"https:\/\/previntegral.com\/es\/wp-json\/wp\/v2\/media\/4966"}],"wp:attachment":[{"href":"https:\/\/previntegral.com\/es\/wp-json\/wp\/v2\/media?parent=4964"}],"wp:term":[{"taxonomy":"product_brand","embeddable":true,"href":"https:\/\/previntegral.com\/es\/wp-json\/wp\/v2\/product_brand?post=4964"},{"taxonomy":"product_cat","embeddable":true,"href":"https:\/\/previntegral.com\/es\/wp-json\/wp\/v2\/product_cat?post=4964"},{"taxonomy":"product_tag","embeddable":true,"href":"https:\/\/previntegral.com\/es\/wp-json\/wp\/v2\/product_tag?post=4964"}],"curies":[{"name":"WordPress","href":"https:\/\/api.w.org\/{rel}","templated":true}]}}

Especialización en C.17: mantenimiento, reparación e instalación de ascensores

<p>El curso C.17 —Mantenimiento, reparación e instalación de ascensores— ofrece la formación específica prevista en el Convenio sobre el sector metalúrgico para los profesionales que trabajan con equipos de elevación. Tiene una duración de ocho horas y se imparte en formato modular. <strong>presencial</strong>, completa el módulo profesional que complementa el bloque básico de 20 horas (C1) y contribuye a proporcionar la <strong>100% de especialidades</strong> obligatorio. Abordan el <strong>riesgos específicos</strong> del sector: riesgos eléctricos en baja tensión, atrapamiento, caídas al vacío (fosos y techos de cabinas), trabajos en <strong>altura</strong>, la manipulación de cargas y el uso correcto de’<strong>Índice de protección equivalente</strong>. Se aplican procedimientos seguros. <strong>Bloqueo y etiquetado (LOTO)</strong>, comprobación de la ausencia de tensión, enclavamiento mecánico, señalización, acceso a la sala de máquinas y al foso, así como maniobras, pruebas y <strong>Rescate en cabina</strong>. La metodología combina explicaciones prácticas, demostraciones y casos reales para consolidar hábitos seguros. Previntegral, <strong>centro acreditado</strong> (FLC n.º 0505080031) expide una acreditación válida de conformidad con el Convenio sobre el sector metalúrgico; esta formación debe renovarse mediante cursos de actualización cada cuatro años.</p>

<p>El curs C.17 – Treballs de manteniment, reparació i instal·lació d’ascensors – aporta la formació específica del Conveni del Metall per a professionals que intervenen sobre equips elevadors. Amb una durada de 8 hores i modalitat presencial, compleix el mòdul d’ofici que complementa el bloc troncal de 20 h (C1) i ajuda a disposar del [&hellip;]</p>
