{"id":4989,"date":"2025-12-05T12:43:51","date_gmt":"2025-12-05T12:43:51","guid":{"rendered":"https:\/\/previntegral.com\/producto\/especialitat-en-c-24-treballs-de-recuperacio-i-reciclatge-de-materies-primeres-secundaries-metal%c2%b7liques\/"},"modified":"2026-03-16T18:32:33","modified_gmt":"2026-03-16T18:32:33","slug":"especialidad-c-24-recuperacion-y-reciclaje-de-materias-primas-metalicas-secundarias","status":"publish","type":"product","link":"https:\/\/previntegral.com\/es\/producto\/especialitat-en-c-24-treballs-de-recuperacio-i-reciclatge-de-materies-primeres-secundaries-metal%c2%b7liques\/","title":{"rendered":"Especializaci\u00f3n en C.24: Operaciones de recuperaci\u00f3n y reciclado de materias primas met\u00e1licas secundarias"},"content":{"rendered":"<p>El curso C.24 prepara al personal de producci\u00f3n y mantenimiento para trabajar de forma segura en <strong>Recuperaci\u00f3n y reciclaje de materias primas met\u00e1licas<\/strong>, de conformidad con el Convenio sobre los metales. En <strong>Ocho horas<\/strong> y en <strong>100% en presencial<\/strong>, abordaremos la identificaci\u00f3n de riesgos en las operaciones de clasificaci\u00f3n y corte (radial y <strong>oxytall<\/strong>), cizallamiento, prensado, carga y transporte interno (p. ej.,. <strong>Gr\u00faa de viga<\/strong>). Se abordan las medidas preventivas, el uso de\u2019<strong>\u00cdndice de protecci\u00f3n equivalente<\/strong> (guantes resistentes a los cortes, gafas protectoras, protecci\u00f3n auditiva y respiratoria), procedimientos <strong>Bloqueo\/Etiquetado<\/strong>, se\u00f1alizaci\u00f3n y tr\u00e1fico, manipulaci\u00f3n de cargas, control de <strong>ruido, polvo y humos met\u00e1licos<\/strong>, as\u00ed como los riesgos de incendio derivados de los contenedores que almacenan gases o residuos. Tambi\u00e9n incluye buenas pr\u00e1cticas para <strong>Gesti\u00f3n medioambiental<\/strong> y la trazabilidad de los residuos. Esto <strong>Especializaci\u00f3n profesional (8 h)<\/strong> complementa el m\u00f3dulo b\u00e1sico C1 (20 h) para alcanzar los 100% de especializaciones requeridas. Previntegral, <strong>Centro acreditado por la FLC con el n\u00famero 0505080031<\/strong>, Garantiza una formaci\u00f3n pr\u00e1ctica y aplicable que ayuda a la empresa a cumplir con la normativa y a mantener su formaci\u00f3n al d\u00eda, de acuerdo con los requisitos peri\u00f3dicos del sector.<\/p>","protected":false},"excerpt":{"rendered":"<p>El curs C.24 prepara el personal de producci\u00f3 i manteniment per treballar amb seguretat en recuperaci\u00f3 i reciclatge de mat\u00e8ries primeres met\u00e0l\u00b7liques, d\u2019acord amb el Conveni del Metall. En 8 hores i en modalitat 100% presencial, abordarem la identificaci\u00f3 de riscos en operacions de classificaci\u00f3, tall (radial i oxitall), cisallat, premsat, c\u00e0rrega i transport intern [&hellip;]<\/p>\n","protected":false},"featured_media":4991,"comment_status":"open","ping_status":"closed","template":"","meta":{"_acf_changed":false},"product_brand":[],"product_cat":[41],"product_tag":[],"class_list":{"0":"post-4989","1":"product","2":"type-product","3":"status-publish","4":"has-post-thumbnail","6":"product_cat-metall","8":"first","9":"instock","10":"virtual","11":"taxable","12":"purchasable","13":"product-type-curso"},"acf":[],"precio_regular_curso":177.87,"precio_bonificado_curso":187.55,"_links":{"self":[{"href":"https:\/\/previntegral.com\/es\/wp-json\/wp\/v2\/product\/4989","targetHints":{"allow":["GET"]}}],"collection":[{"href":"https:\/\/previntegral.com\/es\/wp-json\/wp\/v2\/product"}],"about":[{"href":"https:\/\/previntegral.com\/es\/wp-json\/wp\/v2\/types\/product"}],"replies":[{"embeddable":true,"href":"https:\/\/previntegral.com\/es\/wp-json\/wp\/v2\/comments?post=4989"}],"wp:featuredmedia":[{"embeddable":true,"href":"https:\/\/previntegral.com\/es\/wp-json\/wp\/v2\/media\/4991"}],"wp:attachment":[{"href":"https:\/\/previntegral.com\/es\/wp-json\/wp\/v2\/media?parent=4989"}],"wp:term":[{"taxonomy":"product_brand","embeddable":true,"href":"https:\/\/previntegral.com\/es\/wp-json\/wp\/v2\/product_brand?post=4989"},{"taxonomy":"product_cat","embeddable":true,"href":"https:\/\/previntegral.com\/es\/wp-json\/wp\/v2\/product_cat?post=4989"},{"taxonomy":"product_tag","embeddable":true,"href":"https:\/\/previntegral.com\/es\/wp-json\/wp\/v2\/product_tag?post=4989"}],"curies":[{"name":"WordPress","href":"https:\/\/api.w.org\/{rel}","templated":true}]}}

Especialización en C.24: Operaciones de recuperación y reciclado de materias primas metálicas secundarias

<p>El curso C.24 prepara al personal de producción y mantenimiento para trabajar de forma segura en <strong>Recuperación y reciclaje de materias primas metálicas</strong>, de conformidad con el Convenio sobre los metales. En <strong>Ocho horas</strong> y en <strong>100% en presencial</strong>, abordaremos la identificación de riesgos en las operaciones de clasificación y corte (radial y <strong>oxytall</strong>), cizallamiento, prensado, carga y transporte interno (p. ej.,. <strong>Grúa de viga</strong>). Se abordan las medidas preventivas, el uso de’<strong>Índice de protección equivalente</strong> (guantes resistentes a los cortes, gafas protectoras, protección auditiva y respiratoria), procedimientos <strong>Bloqueo/Etiquetado</strong>, señalización y tráfico, manipulación de cargas, control de <strong>ruido, polvo y humos metálicos</strong>, así como los riesgos de incendio derivados de los contenedores que almacenan gases o residuos. También incluye buenas prácticas para <strong>Gestión medioambiental</strong> y la trazabilidad de los residuos. Esto <strong>Especialización profesional (8 h)</strong> complementa el módulo básico C1 (20 h) para alcanzar los 100% de especializaciones requeridas. Previntegral, <strong>Centro acreditado por la FLC con el número 0505080031</strong>, Garantiza una formación práctica y aplicable que ayuda a la empresa a cumplir con la normativa y a mantener su formación al día, de acuerdo con los requisitos periódicos del sector.</p>

<p>El curs C.24 prepara el personal de producció i manteniment per treballar amb seguretat en recuperació i reciclatge de matèries primeres metàl·liques, d’acord amb el Conveni del Metall. En 8 hores i en modalitat 100% presencial, abordarem la identificació de riscos en operacions de classificació, tall (radial i oxitall), cisallat, premsat, càrrega i transport intern [&hellip;]</p>
