{"id":5465,"date":"2025-12-09T16:41:28","date_gmt":"2025-12-09T16:41:28","guid":{"rendered":"https:\/\/previntegral.com\/producto\/c-26-conductors-transportistes\/"},"modified":"2026-03-16T18:32:34","modified_gmt":"2026-03-16T18:32:34","slug":"unos-26-transportistas","status":"publish","type":"product","link":"https:\/\/previntegral.com\/es\/producto\/c-26-conductors-transportistes\/","title":{"rendered":"C.26 \u2013 Conductores\/transportistas"},"content":{"rendered":"<p>El curso C.26 \u2014 Conductores\/Transportistas\u2014 ofrece la formaci\u00f3n obligatoria en <strong>PRL<\/strong> del Convenio del Sector Metal\u00fargico para el personal que conduce y transporta mercanc\u00edas en entornos industriales. De <strong>20 horas<\/strong> y en <strong>Modo presencial<\/strong>, combina un bloque <strong>principal<\/strong> (conceptos b\u00e1sicos de prevenci\u00f3n, organizaci\u00f3n de la prevenci\u00f3n, EPI y situaciones de emergencia) en un bloque <strong>espec\u00edfico del sector<\/strong> centrada en los riesgos inherentes a la conducci\u00f3n y la log\u00edstica: tanto en la circulaci\u00f3n interna como en la v\u00eda p\u00fablica, <strong>carga y descarga<\/strong>, <strong>estiba y amarre<\/strong>, trabajos en muelles y rampas, interacci\u00f3n con carretillas y gr\u00faas, ergonom\u00eda en la conducci\u00f3n y gesti\u00f3n de la <strong>cansancio y distracciones<\/strong>. Se refuerzan los procedimientos de trabajo seguros, la se\u00f1alizaci\u00f3n, la inspecci\u00f3n previa del veh\u00edculo, el mantenimiento b\u00e1sico y la notificaci\u00f3n de incidentes. Previntegral es un centro acreditado (FLC 0505080031) y este curso puede complementarse con el <strong>8 horas de formaci\u00f3n profesional especializada<\/strong> para cumplir con las 1001 horas de formaci\u00f3n exigidas desde 2021. La formaci\u00f3n debe ser <strong>Renovar cada 4 a\u00f1os<\/strong> tras un proceso de reciclaje de 4 horas.<\/p>","protected":false},"excerpt":{"rendered":"<p>El curs C.26 &#8211; Conductors\/transportistes ofereix la formaci\u00f3 obligat\u00f2ria en PRL del Conveni del Metall per a personal que condueix i transporta mercaderies en entorns industrials. De 20 hores i en modalitat presencial, combina un bloc troncal (conceptes b\u00e0sics de prevenci\u00f3, organitzaci\u00f3 preventiva, EPI i emerg\u00e8ncies) amb un bloc espec\u00edfic d\u2019ofici orientat als riscos propis [&hellip;]<\/p>\n","protected":false},"featured_media":5467,"comment_status":"open","ping_status":"closed","template":"","meta":{"_acf_changed":false},"product_brand":[],"product_cat":[41],"product_tag":[],"class_list":{"0":"post-5465","1":"product","2":"type-product","3":"status-publish","4":"has-post-thumbnail","6":"product_cat-metall","8":"first","9":"instock","10":"virtual","11":"taxable","12":"purchasable","13":"product-type-curso"},"acf":[],"precio_regular_curso":340.01,"precio_bonificado_curso":358.16,"_links":{"self":[{"href":"https:\/\/previntegral.com\/es\/wp-json\/wp\/v2\/product\/5465","targetHints":{"allow":["GET"]}}],"collection":[{"href":"https:\/\/previntegral.com\/es\/wp-json\/wp\/v2\/product"}],"about":[{"href":"https:\/\/previntegral.com\/es\/wp-json\/wp\/v2\/types\/product"}],"replies":[{"embeddable":true,"href":"https:\/\/previntegral.com\/es\/wp-json\/wp\/v2\/comments?post=5465"}],"wp:featuredmedia":[{"embeddable":true,"href":"https:\/\/previntegral.com\/es\/wp-json\/wp\/v2\/media\/5467"}],"wp:attachment":[{"href":"https:\/\/previntegral.com\/es\/wp-json\/wp\/v2\/media?parent=5465"}],"wp:term":[{"taxonomy":"product_brand","embeddable":true,"href":"https:\/\/previntegral.com\/es\/wp-json\/wp\/v2\/product_brand?post=5465"},{"taxonomy":"product_cat","embeddable":true,"href":"https:\/\/previntegral.com\/es\/wp-json\/wp\/v2\/product_cat?post=5465"},{"taxonomy":"product_tag","embeddable":true,"href":"https:\/\/previntegral.com\/es\/wp-json\/wp\/v2\/product_tag?post=5465"}],"curies":[{"name":"WordPress","href":"https:\/\/api.w.org\/{rel}","templated":true}]}}

<p>El curso C.26 — Conductores/Transportistas— ofrece la formación obligatoria en <strong>PRL</strong> del Convenio del Sector Metalúrgico para el personal que conduce y transporta mercancías en entornos industriales. De <strong>20 horas</strong> y en <strong>Modo presencial</strong>, combina un bloque <strong>principal</strong> (conceptos básicos de prevención, organización de la prevención, EPI y situaciones de emergencia) en un bloque <strong>específico del sector</strong> centrada en los riesgos inherentes a la conducción y la logística: tanto en la circulación interna como en la vía pública, <strong>carga y descarga</strong>, <strong>estiba y amarre</strong>, trabajos en muelles y rampas, interacción con carretillas y grúas, ergonomía en la conducción y gestión de la <strong>cansancio y distracciones</strong>. Se refuerzan los procedimientos de trabajo seguros, la señalización, la inspección previa del vehículo, el mantenimiento básico y la notificación de incidentes. Previntegral es un centro acreditado (FLC 0505080031) y este curso puede complementarse con el <strong>8 horas de formación profesional especializada</strong> para cumplir con las 1001 horas de formación exigidas desde 2021. La formación debe ser <strong>Renovar cada 4 años</strong> tras un proceso de reciclaje de 4 horas.</p>

<p>El curs C.26 &#8211; Conductors/transportistes ofereix la formació obligatòria en PRL del Conveni del Metall per a personal que condueix i transporta mercaderies en entorns industrials. De 20 hores i en modalitat presencial, combina un bloc troncal (conceptes bàsics de prevenció, organització preventiva, EPI i emergències) amb un bloc específic d’ofici orientat als riscos propis [&hellip;]</p>
