{"id":5474,"date":"2025-12-09T16:42:29","date_gmt":"2025-12-09T16:42:29","guid":{"rendered":"https:\/\/previntegral.com\/producto\/c-31-conductors-de-grues-mobils-autopropulsades\/"},"modified":"2026-03-16T18:32:34","modified_gmt":"2026-03-16T18:32:34","slug":"unos-31-operadores-de-gruas-moviles-autopropulsadas","status":"publish","type":"product","link":"https:\/\/previntegral.com\/es\/producto\/c-31-conductors-de-grues-mobils-autopropulsades\/","title":{"rendered":"C.31 \u2013 Operadores de gr\u00faas m\u00f3viles autopropulsadas"},"content":{"rendered":"<p>Curso C.31 \u2013 Conductores de <strong>gr\u00faas m\u00f3viles autopropulsadas<\/strong> Cumple con el requisito del Convenio sobre el trabajo en la industria metal\u00fargica de recibir formaci\u00f3n espec\u00edfica en <strong>prevenci\u00f3n de riesgos laborales<\/strong> seg\u00fan la oficina. Con una duraci\u00f3n de <strong>20 horas<\/strong> y modo <strong>presencial<\/strong>, combina un m\u00f3dulo PRL b\u00e1sico con un m\u00f3dulo espec\u00edfico centrado en el manejo seguro de gr\u00faas: planificaci\u00f3n de la elevaci\u00f3n, lectura de <strong>diagramas de carga<\/strong>, uso de\u2019<strong>estabilizadores<\/strong>, control de <strong>riesgo de vuelco<\/strong>, la influencia del viento y el terreno, la circulaci\u00f3n interna y <strong>Coordinaci\u00f3n de actividades<\/strong>. Funciona en el <strong>se\u00f1alizaci\u00f3n<\/strong> y la comunicaci\u00f3n con el se\u00f1alista, el uso de\u2019<strong>\u00cdndice de protecci\u00f3n equivalente<\/strong>, comprobaciones previas, mantenimiento b\u00e1sico, proximidad a <strong>l\u00edneas el\u00e9ctricas<\/strong>, situaciones de emergencia y ejercicios de maniobra en entornos controlados. Dirigido al personal de <strong>Producci\u00f3n y mantenimiento<\/strong> que opera o presta servicios de mantenimiento a gr\u00faas, permite acreditar la formaci\u00f3n profesional necesaria e integra criterios operativos y organizativos. Previntegral es <strong>Centro acreditado por la FLC<\/strong> (0505080031). De conformidad con el acuerdo, es necesario llevar a cabo <strong>Reciclaje cada 4 a\u00f1os<\/strong> (4 horas) para mantener la validez de la titulaci\u00f3n.<\/p>","protected":false},"excerpt":{"rendered":"<p>El curs C.31 \u2013 Conductors de grues m\u00f2bils autopropulsades dona resposta a l\u2019exig\u00e8ncia del Conveni del Metall de rebre formaci\u00f3 espec\u00edfica en prevenci\u00f3 de riscos laborals segons l\u2019ofici. Amb una durada de 20 hores i modalitat presencial, combina un bloc troncal de PRL amb un bloc espec\u00edfic orientat a l\u2019operaci\u00f3 segura de grues: planificaci\u00f3 d\u2019aixecaments, [&hellip;]<\/p>\n","protected":false},"featured_media":5477,"comment_status":"open","ping_status":"closed","template":"","meta":{"_acf_changed":false},"product_brand":[],"product_cat":[41],"product_tag":[],"class_list":{"0":"post-5474","1":"product","2":"type-product","3":"status-publish","4":"has-post-thumbnail","6":"product_cat-metall","8":"first","9":"instock","10":"virtual","11":"taxable","12":"purchasable","13":"product-type-curso"},"acf":[],"precio_regular_curso":340.01,"precio_bonificado_curso":358.16,"_links":{"self":[{"href":"https:\/\/previntegral.com\/es\/wp-json\/wp\/v2\/product\/5474","targetHints":{"allow":["GET"]}}],"collection":[{"href":"https:\/\/previntegral.com\/es\/wp-json\/wp\/v2\/product"}],"about":[{"href":"https:\/\/previntegral.com\/es\/wp-json\/wp\/v2\/types\/product"}],"replies":[{"embeddable":true,"href":"https:\/\/previntegral.com\/es\/wp-json\/wp\/v2\/comments?post=5474"}],"wp:featuredmedia":[{"embeddable":true,"href":"https:\/\/previntegral.com\/es\/wp-json\/wp\/v2\/media\/5477"}],"wp:attachment":[{"href":"https:\/\/previntegral.com\/es\/wp-json\/wp\/v2\/media?parent=5474"}],"wp:term":[{"taxonomy":"product_brand","embeddable":true,"href":"https:\/\/previntegral.com\/es\/wp-json\/wp\/v2\/product_brand?post=5474"},{"taxonomy":"product_cat","embeddable":true,"href":"https:\/\/previntegral.com\/es\/wp-json\/wp\/v2\/product_cat?post=5474"},{"taxonomy":"product_tag","embeddable":true,"href":"https:\/\/previntegral.com\/es\/wp-json\/wp\/v2\/product_tag?post=5474"}],"curies":[{"name":"WordPress","href":"https:\/\/api.w.org\/{rel}","templated":true}]}}

C.31 – Operadores de grúas móviles autopropulsadas

<p>Curso C.31 – Conductores de <strong>grúas móviles autopropulsadas</strong> Cumple con el requisito del Convenio sobre el trabajo en la industria metalúrgica de recibir formación específica en <strong>prevención de riesgos laborales</strong> según la oficina. Con una duración de <strong>20 horas</strong> y modo <strong>presencial</strong>, combina un módulo PRL básico con un módulo específico centrado en el manejo seguro de grúas: planificación de la elevación, lectura de <strong>diagramas de carga</strong>, uso de’<strong>estabilizadores</strong>, control de <strong>riesgo de vuelco</strong>, la influencia del viento y el terreno, la circulación interna y <strong>Coordinación de actividades</strong>. Funciona en el <strong>señalización</strong> y la comunicación con el señalista, el uso de’<strong>Índice de protección equivalente</strong>, comprobaciones previas, mantenimiento básico, proximidad a <strong>líneas eléctricas</strong>, situaciones de emergencia y ejercicios de maniobra en entornos controlados. Dirigido al personal de <strong>Producción y mantenimiento</strong> que opera o presta servicios de mantenimiento a grúas, permite acreditar la formación profesional necesaria e integra criterios operativos y organizativos. Previntegral es <strong>Centro acreditado por la FLC</strong> (0505080031). De conformidad con el acuerdo, es necesario llevar a cabo <strong>Reciclaje cada 4 años</strong> (4 horas) para mantener la validez de la titulación.</p>

<p>El curs C.31 – Conductors de grues mòbils autopropulsades dona resposta a l’exigència del Conveni del Metall de rebre formació específica en prevenció de riscos laborals segons l’ofici. Amb una durada de 20 hores i modalitat presencial, combina un bloc troncal de PRL amb un bloc específic orientat a l’operació segura de grues: planificació d’aixecaments, [&hellip;]</p>
