{"id":8138,"date":"2026-03-22T11:04:36","date_gmt":"2026-03-22T11:04:36","guid":{"rendered":"https:\/\/previntegral.com\/?post_type=product&#038;p=8138"},"modified":"2026-03-27T14:23:26","modified_gmt":"2026-03-27T14:23:26","slug":"y-n-o-10-de-enero-de-2003-operarios-de-mantenimiento-mecanico-y-o-electrico","status":"publish","type":"product","link":"https:\/\/previntegral.com\/es\/producto\/et-num-2003-01-10-operadors-de-manteniment-mecanic-i-o-electric\/","title":{"rendered":"RECICLAJE \u2013 N.\u00ba ET 2003.01.10 \u2013 Operadores de mantenimiento mec\u00e1nico y\/o el\u00e9ctrico"},"content":{"rendered":"<p data-start=\"110\" data-end=\"304\">De conformidad con la Orden ITC\/1316\/2008, este curso ofrece formaci\u00f3n preventiva para <strong>reciclaje<\/strong> establecido en el ITC 02.1.02 para el puesto de\u2019<strong>Operario de mantenimiento mec\u00e1nico y\/o el\u00e9ctrico. <\/strong>Est\u00e1 dirigido al personal de plantas de \u00e1ridos, canteras, graveras y minas subterr\u00e1neas, con el objetivo de satisfacer las necesidades de formaci\u00f3n del sector. <strong>Modo presencial<\/strong> y, con una duraci\u00f3n de cinco horas, combina explicaciones t\u00e9cnicas, casos reales y ejercicios pr\u00e1cticos para consolidar h\u00e1bitos de seguridad y salud, de conformidad con el convenio del sector minero y la normativa vigente. Esta formaci\u00f3n es obligatoria y requiere una <strong>Reciclaje peri\u00f3dico de 5 horas cada dos a\u00f1os.<\/strong><\/p>\n<p data-start=\"110\" data-end=\"304\">En caso de<strong><em> Si no cuenta con la especialidad correspondiente, deber\u00e1 completar la formaci\u00f3n de 20 horas.<\/em><\/strong>; ponte en contacto con nosotros para obtener m\u00e1s informaci\u00f3n.<\/p>","protected":false},"excerpt":{"rendered":"<p>En compliment de l\u2019Ordre ITC\/1316\/2008, aquest curs proporciona la formaci\u00f3 preventiva de reciclatge establerta a la ITC 02.1.02 per al lloc de treball d\u2019operador\/a de manteniment mec\u00e0nic i\/o el\u00e8ctric. Est\u00e0 dirigit al personal de plantes d\u2019\u00e0rids, pedreres, graveres i mineria subterr\u00e0nia, amb l\u2019objectiu de complir amb els requisits formatius del sector. En modalitat presencial i [&hellip;]<\/p>\n","protected":false},"featured_media":5619,"comment_status":"open","ping_status":"closed","template":"","meta":{"_acf_changed":false},"product_brand":[],"product_cat":[43],"product_tag":[],"class_list":{"0":"post-8138","1":"product","2":"type-product","3":"status-publish","4":"has-post-thumbnail","6":"product_cat-miner","8":"first","9":"instock","10":"virtual","11":"taxable","12":"purchasable","13":"product-type-curso"},"acf":[],"precio_regular_curso":173.03,"precio_bonificado_curso":181.5,"_links":{"self":[{"href":"https:\/\/previntegral.com\/es\/wp-json\/wp\/v2\/product\/8138","targetHints":{"allow":["GET"]}}],"collection":[{"href":"https:\/\/previntegral.com\/es\/wp-json\/wp\/v2\/product"}],"about":[{"href":"https:\/\/previntegral.com\/es\/wp-json\/wp\/v2\/types\/product"}],"replies":[{"embeddable":true,"href":"https:\/\/previntegral.com\/es\/wp-json\/wp\/v2\/comments?post=8138"}],"wp:featuredmedia":[{"embeddable":true,"href":"https:\/\/previntegral.com\/es\/wp-json\/wp\/v2\/media\/5619"}],"wp:attachment":[{"href":"https:\/\/previntegral.com\/es\/wp-json\/wp\/v2\/media?parent=8138"}],"wp:term":[{"taxonomy":"product_brand","embeddable":true,"href":"https:\/\/previntegral.com\/es\/wp-json\/wp\/v2\/product_brand?post=8138"},{"taxonomy":"product_cat","embeddable":true,"href":"https:\/\/previntegral.com\/es\/wp-json\/wp\/v2\/product_cat?post=8138"},{"taxonomy":"product_tag","embeddable":true,"href":"https:\/\/previntegral.com\/es\/wp-json\/wp\/v2\/product_tag?post=8138"}],"curies":[{"name":"WordPress","href":"https:\/\/api.w.org\/{rel}","templated":true}]}}

RECICLAJE – N.º ET 2003.01.10 – Operadores de mantenimiento mecánico y/o eléctrico

<p data-start="110" data-end="304">De conformidad con la Orden ITC/1316/2008, este curso ofrece formación preventiva para <strong>reciclaje</strong> establecido en el ITC 02.1.02 para el puesto de’<strong>Operario de mantenimiento mecánico y/o eléctrico. </strong>Está dirigido al personal de plantas de áridos, canteras, graveras y minas subterráneas, con el objetivo de satisfacer las necesidades de formación del sector. <strong>Modo presencial</strong> y, con una duración de cinco horas, combina explicaciones técnicas, casos reales y ejercicios prácticos para consolidar hábitos de seguridad y salud, de conformidad con el convenio del sector minero y la normativa vigente. Esta formación es obligatoria y requiere una <strong>Reciclaje periódico de 5 horas cada dos años.</strong></p>
<p data-start="110" data-end="304">En caso de<strong><em> Si no cuenta con la especialidad correspondiente, deberá completar la formación de 20 horas.</em></strong>; ponte en contacto con nosotros para obtener más información.</p>

<p>En compliment de l’Ordre ITC/1316/2008, aquest curs proporciona la formació preventiva de reciclatge establerta a la ITC 02.1.02 per al lloc de treball d’operador/a de manteniment mecànic i/o elèctric. Està dirigit al personal de plantes d’àrids, pedreres, graveres i mineria subterrània, amb l’objectiu de complir amb els requisits formatius del sector. En modalitat presencial i [&hellip;]</p>
