{"id":8139,"date":"2026-03-22T11:08:44","date_gmt":"2026-03-22T11:08:44","guid":{"rendered":"https:\/\/previntegral.com\/?post_type=product&#038;p=8139"},"modified":"2026-03-27T14:18:59","modified_gmt":"2026-03-27T14:18:59","slug":"y-n-o-10-de-enero-de-2004-puestos-clasificados-en-los-grupos-s-5-4-letras-a-b-c-d-e-f-g-h-j-k-l-m-i-5-5-letras-a-b-i-d","status":"publish","type":"product","link":"https:\/\/previntegral.com\/es\/producto\/et-num-2004-01-10-llocs-de-treball-enquadrats-en-els-grups-s-5-4-lletres-a-b-c-d-e-f-g-h-j-k-l-m-i-5-5-lletres-a-b-i-d\/","title":{"rendered":"RECICLAJE \u2013 N.\u00ba ET 2004.01.10 \u2013 Lugares de trabajo clasificados en los grupos S 5.4, letras a), b), c), d), e), f), g), h), j), k), l) y m), y S 5.5, letras a), b) y d)"},"content":{"rendered":"<p data-start=\"140\" data-end=\"492\">De conformidad con la Orden ITC\/1316\/2008, este curso ofrece la formaci\u00f3n de actualizaci\u00f3n preventiva establecida en la Instrucci\u00f3n T\u00e9cnica Complementaria. <strong>2004.01.10 para los puestos de trabajo encuadrados en los grupos 5.4 (letras a), b), c), d), e), f), g), h), j), k), l) y m)) y 5.5 (letras a), b) y d)).<\/strong> Est\u00e1 dirigido al personal de plantas de \u00e1ridos, canteras, graveras y miner\u00eda subterr\u00e1nea, con el objetivo de cumplir con los requisitos formativos del sector. Esta formaci\u00f3n tiene car\u00e1cter obligatorio y requiere <strong data-start=\"549\" data-end=\"599\">reciclaje peri\u00f3dico de 5 horas cada 2 o 4 a\u00f1os<\/strong>, seg\u00fan el lugar de trabajo. En <strong>modalidad presencial y con una duraci\u00f3n de 5 horas,<\/strong> combina explicaciones t\u00e9cnicas, casos reales y ejercicios pr\u00e1cticos para consolidar h\u00e1bitos de seguridad y salud, de acuerdo con el convenio del sector minero y la normativa vigente.<\/p>\n<p data-start=\"140\" data-end=\"492\">En caso de<strong><em> Si no cuenta con la especialidad correspondiente, deber\u00e1 completar la formaci\u00f3n de 20 horas.<\/em><\/strong>; ponte en contacto con nosotros para obtener m\u00e1s informaci\u00f3n.<\/p>\n<p data-start=\"140\" data-end=\"492\">","protected":false},"excerpt":{"rendered":"<p>En compliment de l\u2019Ordre ITC\/1316\/2008, aquest curs proporciona la formaci\u00f3 preventiva de reciclatge establerta a la Instrucci\u00f3 T\u00e8cnica Complement\u00e0ria 2004.01.10 per als llocs de treball enquadrats en els grups 5.4 (lletres a), b), c), d), e), f), g), h), j), k), l) i m)) i 5.5 (lletres a), b) i d)). Est\u00e0 dirigit al personal [&hellip;]<\/p>\n","protected":false},"featured_media":5619,"comment_status":"open","ping_status":"closed","template":"","meta":{"_acf_changed":false},"product_brand":[],"product_cat":[43],"product_tag":[],"class_list":{"0":"post-8139","1":"product","2":"type-product","3":"status-publish","4":"has-post-thumbnail","6":"product_cat-miner","8":"first","9":"instock","10":"virtual","11":"taxable","12":"purchasable","13":"product-type-curso"},"acf":[],"precio_regular_curso":173.03,"precio_bonificado_curso":181.5,"_links":{"self":[{"href":"https:\/\/previntegral.com\/es\/wp-json\/wp\/v2\/product\/8139","targetHints":{"allow":["GET"]}}],"collection":[{"href":"https:\/\/previntegral.com\/es\/wp-json\/wp\/v2\/product"}],"about":[{"href":"https:\/\/previntegral.com\/es\/wp-json\/wp\/v2\/types\/product"}],"replies":[{"embeddable":true,"href":"https:\/\/previntegral.com\/es\/wp-json\/wp\/v2\/comments?post=8139"}],"wp:featuredmedia":[{"embeddable":true,"href":"https:\/\/previntegral.com\/es\/wp-json\/wp\/v2\/media\/5619"}],"wp:attachment":[{"href":"https:\/\/previntegral.com\/es\/wp-json\/wp\/v2\/media?parent=8139"}],"wp:term":[{"taxonomy":"product_brand","embeddable":true,"href":"https:\/\/previntegral.com\/es\/wp-json\/wp\/v2\/product_brand?post=8139"},{"taxonomy":"product_cat","embeddable":true,"href":"https:\/\/previntegral.com\/es\/wp-json\/wp\/v2\/product_cat?post=8139"},{"taxonomy":"product_tag","embeddable":true,"href":"https:\/\/previntegral.com\/es\/wp-json\/wp\/v2\/product_tag?post=8139"}],"curies":[{"name":"WordPress","href":"https:\/\/api.w.org\/{rel}","templated":true}]}}

RECICLAJE – N.º ET 2004.01.10 – Lugares de trabajo clasificados en los grupos S 5.4, letras a), b), c), d), e), f), g), h), j), k), l) y m), y S 5.5, letras a), b) y d)

<p data-start="140" data-end="492">De conformidad con la Orden ITC/1316/2008, este curso ofrece la formación de actualización preventiva establecida en la Instrucción Técnica Complementaria. <strong>2004.01.10 para los puestos de trabajo encuadrados en los grupos 5.4 (letras a), b), c), d), e), f), g), h), j), k), l) y m)) y 5.5 (letras a), b) y d)).</strong> Está dirigido al personal de plantas de áridos, canteras, graveras y minería subterránea, con el objetivo de cumplir con los requisitos formativos del sector. Esta formación tiene carácter obligatorio y requiere <strong data-start="549" data-end="599">reciclaje periódico de 5 horas cada 2 o 4 años</strong>, según el lugar de trabajo. En <strong>modalidad presencial y con una duración de 5 horas,</strong> combina explicaciones técnicas, casos reales y ejercicios prácticos para consolidar hábitos de seguridad y salud, de acuerdo con el convenio del sector minero y la normativa vigente.</p>
<p data-start="140" data-end="492">En caso de<strong><em> Si no cuenta con la especialidad correspondiente, deberá completar la formación de 20 horas.</em></strong>; ponte en contacto con nosotros para obtener más información.</p>
<p data-start="140" data-end="492">

<p>En compliment de l’Ordre ITC/1316/2008, aquest curs proporciona la formació preventiva de reciclatge establerta a la Instrucció Tècnica Complementària 2004.01.10 per als llocs de treball enquadrats en els grups 5.4 (lletres a), b), c), d), e), f), g), h), j), k), l) i m)) i 5.5 (lletres a), b) i d)). Està dirigit al personal [&hellip;]</p>
